*3 + 129*j**2 - 357*j + 8063. Give v(-68).
-29
Let l(i) = 4895*i + 48. Determine l(0).
48
Let v(y) = 8750*y + 52494. Give v(-6).
-6
Let p(j) = j**3 - 17*j**2 - 4*j - 234. What is p(18)?
18
Let i(d) = -d**3 - 64*d**2 - 546*d - 26659. Give i(-62).
-495
Let w(c) = -5884*c - 47076. Calculate w(-8).
-4
Let w(u) = u**2 - 51*u + 760. Calculate w(15).
220
Let a(f) = 57*f + 7078. Give a(-116).
466
Let h(l) = -202*l - 16084. What is h(-80)?
76
Let p(x) = 145*x**2 - 3198*x + 319. Determine p(22).
143
Let y(o) = -o**3 + 62*o**2 + 301*o - 6889. What is y(65)?
1
Let n(m) = 644*m - 1587. Determine n(5).
1633
Let n(d) = -17*d**2 + 2586*d - 59278. Determine n(124).
-6
Let y(c) = -c**2 - 1133*c + 609185. Determine y(398).
-153
Let l(d) = -d**3 + 14*d**2 - 78*d + 979. Calculate l(15).
-416
Let m(n) = -890*n**2 - 5378*n + 7. Give m(-6).
235
Let m(k) = k**2 - 377*k - 3343. What is m(-9)?
131
Let q(k) = -10517*k + 4858852. What is q(462)?
-2
Let w(s) = 2*s**2 - 161*s + 702. What is w(82)?
948
Let b(k) = -47032*k - 94071. Determine b(-2).
-7
Let m(j) = j**3 - 4*j**2 - 941*j + 3740. Determine m(4).
-24
Let b(l) = 334*l**3 - l**2 + 2*l - 4. Determine b(1).
331
Let c(l) = l**3 - 11*l**2 + 1319*l - 9031. Determine c(7).
6
Let j(r) = 3351*r - 5337. Determine j(1).
-1986
Let v(c) = 10*c**3 - 498*c**2 - 91*c + 573. Calculate v(50).
1023
Let f(z) = 144*z**2 + 5474*z - 99. What is f(-38)?
-175
Let g(d) = -2*d**3 - 94*d**2 + 1059*d + 49702. Give g(-47).
-71
Let x(i) = 10*i**3 - 119*i**2 - 135*i - 56. Calculate x(13).
48
Let h(s) = -s**2 + 160*s - 5471. Give h(118).
-515
Let d(n) = -n**3 - 9*n**2 + 33576*n + 134317. What is d(-4)?
-67
Let c(g) = 45*g**2 + 101*g - 228. What is c(-6)?
786
Let u(f) = -280*f - 56407. What is u(-199)?
-687
Let l(d) = 9*d**3 - 145*d**2 - 30*d + 264. Give l(16).
-472
Let h(d) = -94*d**2 - 84*d + 389. Give h(4).
-1451
Let w(b) = -18*b**3 - b**2 - 143*b - 426. Calculate w(-3).
480
Let g(q) = -17795*q + 88974. Determine g(5).
-1
Let p(l) = 6882*l + 901573. Determine p(-131).
31
Let p(i) = -18*i**2 - 827*i + 6750. Calculate p(-53).
19
Let u(k) = -1663*k + 6887. What is u(4)?
235
Let q(f) = -6*f**3 + 770*f**2 - 237*f - 2080. Give q(128).
352
Let n(w) = -10106*w + 990387. What is n(98)?
-1
Let u(b) = -b**3 - b**2 - 13*b - 88. Determine u(-9).
677
Let c(o) = -28*o**2 - 363*o + 73. Determine c(-13).
60
Let y(h) = 5*h**2 + 656*h - 15996. Determine y(21).
-15
Let n(m) = -649*m - 94255. Determine n(-146).
499
Let s(y) = 2*y**3 - 37*y**2 + 108*y + 138. What is s(13)?
-317
Let l(n) = 277*n + 23143. Calculate l(-84).
-125
Let g(y) = -y**3 - 68*y**2 + 76*y + 571. Calculate g(-69).
88
Let z(k) = 7*k**2 - 13*k + 136. Determine z(11).
840
Let d(o) = 409529*o - 1638113. Give d(4).
3
Let v(k) = 310*k**2 - 10853*k + 97. Determine v(35).
-8
Let k(s) = -7772*s**2 + 38844*s + 81. What is k(5)?
1
Let o(m) = -2*m**2 - 709*m - 5658. What is o(-8)?
-114
Let c(q) = -q**3 - 93*q**2 - 16624*q - 1597333. Calculate c(-95).
-3
Let p(i) = 1184*i - 2483. Give p(8).
6989
Let n(k) = -k**3 - 47*k**2 - 371*k + 571. Calculate n(-12).
-17
Let f(b) = b**3 + 197*b**2 - 23*b + 3. What is f(0)?
3
Let n(b) = 116*b**2 + 4979*b - 363. What is n(-43)?
24
Let s(g) = -5*g**3 - 29*g**2 + 96*g + 611. Give s(-6).
71
Let y(q) = -5*q**2 + 248*q - 1883. Determine y(8).
-219
Let u(t) = t**2 + 697*t + 98211. Determine u(-196).
15
Let m(t) = -7*t**2 + 405*t + 4664. Calculate m(-10).
-86
Let g(l) = -l**3 - 68*l**2 - 1081*l + 206. Determine g(-42).
-256
Let w(d) = d**3 - 349*d**2 - 529*d + 62632. Calculate w(350).
-18
Let q(l) = -217949*l - 4141027. Give q(-19).
4
Let b(u) = 18*u**2 - 5476*u + 5480. Determine b(1).
22
Let w(s) = 6*s**2 - 288*s - 5718. What is w(63)?
-48
Let w(d) = -17*d**2 + 53*d + 560. What is w(8)?
-104
Let s(j) = -2*j**3 - 18*j**2 + 936*j + 70. What is s(-26)?
-1282
Let g(b) = -22158*b + 353306. Give g(16).
-1222
Let o(i) = 27927*i - 195473. Calculate o(7).
16
Let a(x) = -2753*x - 35784. What is a(-13)?
5
Let u(k) = -k**2 + 56*k + 39602. Give u(-173).
-15
Let l(p) = 27*p**2 - 245*p - 68. Give l(10).
182
Let x(z) = -19*z**2 + 261*z + 278. What is x(12)?
674
Let y(n) = n**2 - 92*n + 542. Determine y(91).
451
Let v(d) = 20322*d**2 - 162567*d - 30. Calculate v(8).
42
Let o(m) = 5546*m - 5782. Give o(1).
-236
Let s(z) = 20*z**2 + 994*z - 2055. What is s(2)?
13
Let c(u) = -44*u**2 - 328*u - 264. Calculate c(-4).
344
Let v(p) = -315*p**2 - 2184*p + 163. What is v(-7)?
16
Let j(i) = -14*i + 900. Give j(62).
32
Let g(w) = -w**3 + 908*w**2 + 796*w + 102723. Determine g(909).
6
Let d(c) = 4*c**3 - 1061*c**2 - 5412*c - 51. Calculate d(-5).
-16
Let f(b) = 1122*b + 6711. Calculate f(-8).
-2265
Let v(y) = 11*y**2 + 1071*y - 2699. Determine v(-100).
201
Let d(q) = -q**2 - 122*q - 1932. What is d(-20)?
108
Let y(m) = m**3 + 206*m**2 - 13120*m - 3348. What is y(-257)?
-7
Let a(b) = 155*b**2 - 13703*b + 5547. Calculate a(88).
3
Let g(t) = -4*t**2 + 421*t - 5267. Give g(13).
-470
Let v(s) = -7445*s + 29782. Calculate v(4).
2
Let o(n) = -1684*n - 32859. Calculate o(-19).
-863
Let i(k) = 3392*k + 13565. Calculate i(-4).
-3
Let v(j) = 25557*j + 13596339. What is v(-532)?
15
Let u(m) = -31*m + 305. Calculate u(8).
57
Let n(p) = -2662*p + 10711. Calculate n(4).
63
Let n(v) = -v**2 - 18928*v - 943914. Determine n(-50).
-14
Let f(v) = 491*v + 820. What is f(-4)?
-1144
Let d(f) = 2*f**3 + 16*f**2 - 249*f - 1541. What is d(-13)?
6
Let p(c) = 290*c**2 + 2618*c + 64. What is p(-9)?
-8
Let o(y) = -11428*y + 719962. Give o(63).
-2
Let s(v) = -4*v**3 - 22*v**2 + 21*v + 141. What is s(-5)?
-14
Let x(k) = 1712*k - 6382. What is x(4)?
466
Let h(j) = 15455*j**2 + 1854597*j - 361. Give h(-120).
-1
Let z(q) = -16814*q + 84161. What is z(5)?
91
Let b(j) = -5*j**2 + 189*j - 543. Determine b(29).
733
Let c(j) = -9126*j - 27282. What is c(-3)?
96
Let b(q) = -66*q**2 - 4168*q + 201. Give b(-63).
831
Let y(z) = -z**3 - 218*z**2 + 1638*z - 1852. What is y(6)?
-88
Let o(v) = 2*v**2 - 164*v - 7486. Calculate o(-32).
-190
Let l(w) = w**2 - 21201*w + 148353. Give l(7).
-5
Let y(t) = 1065*t + 5699. Determine y(-6).
-691
Let v(i) = 2*i**3 + 101*i**2 + 48*i + 615. Calculate v(-50).
715
Let y(c) = -5708*c + 1392778. Determine y(244).
26
Let i(z) = -3075*z + 2984. Determine i(1).
-91
Let u(v) = 6707040*v - 13414087. Determine u(2).
-7
Let d(l) = 18*l**2 + 132*l + 257. Give d(-5).
47
Let u(f) = -108930*f + 1307155. Calculate u(12).
-5
Let x(m) = -m**3 - 134*m**2 - 529*m - 1335. Determine x(-130).
-165
Let j(o) = o**3 + 15*o**2 - 92*o + 2. What is j(-19)?
306
Let n(d) = 3962*d**3 + 15849*d**2 - 6*d - 19. Give n(-4).
21
Let f(b) = -311355*b + 2179486. Give f(7).
1
Let a(g) = 6033*g - 101399. What is a(17)?
1162
Let w(h) = -62*h**3 - 370*h**2 - 227*h - 1383. Give w(-6).
51
Let f(c) = 163*c**3 - 1796*c**2 + 31*c - 198. What is f(11)?
-220
Let n(y) = -451*y**3 - 4*y**2 + 18*y + 20. What is n(-1)?
449
Let x(h) = -4*h**2 - 19374*h - 38736. Give x(-2).
-4
Let h(c) = -216*c**2 + 423*c + 91. Calculate h(2).
73
Let a(g) = 2*g - 948. Determine a(-135).
-1218
Let s(f) = 221*f**2 + 91716*f + 413. Calculate s(-415).
-2
Let w(i) = i**3 - 77*i**2 - 557*i + 55. Determine w(-6).
409
Let k(v) = 44721*v + 134152. Determine k(-3).
-11
Let y(q) = -q**3 + 17*q**2 - 35*q + 324. What is y(16)?
20
Let v(l) = 9447*l - 46997. Calculate v(5).
238
Let f(s) = 59277*s - 6401935. Give f(108).
-19
Let r(c) = -2*c**3 + 93*c**2 + 8378*c - 387501. Determine r(46).
3
Let x(i) = -1244*i**3 - 20*i**2 + i + 17. Give x(1).
-1246
Let s(p) = -346*p + 136303. What is s(394)?
-21
Let n(q) = -q**2 + 108*q + 1069. Determine n(-15).
-776
Let a(y) = 267*y - 196. Give a(-3).
-997
Let d(q) = -289*q**2 - 4022*q + 324. Give d(-14).
-12
Let n(q) = -5*q**2 + 406*q + 689. Give n(0).
689
Let h(v) = 18*v**2 - 268*v + 145. What is h(17)?
791
Let a(y) = -y**3 + 17*y**2 + 137*y - 51. Determine a(22).
543
Let o(d) = -2963*d - 6094. What is o(-2)?
-168
Let h(n) = 46*n + 4064. Give h(-81).
338
Let j(l) = -4*l**3 - 7987*l**2 + 98431*l - 20110. Give j(-2009).
-20
Let p(i) = -27426*i + 134961. Give p(5).
-2169
Let s(t) = 3334*t - 20003. Give s(6).
1
Let f(g) = g**3 - 5*g**2 + 1845*g + 7458. Determine f(-4).
-66
Let c(m) = -89911*m - 809192. Give c(-9).
7
Let v(s) = -4*s**2 + 92*s + 563. Give v(-5).
3
Let a(w) =